-- MySQL Administrator dump 1.4
--
-- ------------------------------------------------------
-- Server version	5.1.48


/*!40101 SET @OLD_CHARACTER_SET_CLIENT=@@CHARACTER_SET_CLIENT */;
/*!40101 SET @OLD_CHARACTER_SET_RESULTS=@@CHARACTER_SET_RESULTS */;
/*!40101 SET @OLD_COLLATION_CONNECTION=@@COLLATION_CONNECTION */;
/*!40101 SET NAMES utf8 */;

/*!40014 SET @OLD_UNIQUE_CHECKS=@@UNIQUE_CHECKS, UNIQUE_CHECKS=0 */;
/*!40014 SET @OLD_FOREIGN_KEY_CHECKS=@@FOREIGN_KEY_CHECKS, FOREIGN_KEY_CHECKS=0 */;
/*!40101 SET @OLD_SQL_MODE=@@SQL_MODE, SQL_MODE='NO_AUTO_VALUE_ON_ZERO' */;


--
-- Create schema cbk
--

CREATE DATABASE IF NOT EXISTS cbk;
USE cbk;

--
-- Definition of table `cbk`.`granty`
--

DROP TABLE IF EXISTS `cbk`.`granty`;
CREATE TABLE  `cbk`.`granty` (
  `id_grantu` int(11) NOT NULL AUTO_INCREMENT,
  `temat_pl` varchar(200) DEFAULT NULL,
  `data_rozpoczecia` date DEFAULT NULL,
  `numer_grantu` varchar(100) DEFAULT NULL,
  `kierownik` int(11) DEFAULT NULL,
  `opis_pl` longtext,
  `data_zakonczenia` date DEFAULT NULL,
  `temat_en` varchar(200) DEFAULT NULL,
  `opis_en` longtext,
  PRIMARY KEY (`id_grantu`)
) ENGINE=MyISAM AUTO_INCREMENT=102 DEFAULT CHARSET=utf8;

--
-- Dumping data for table `cbk`.`granty`
--

/*!40000 ALTER TABLE `granty` DISABLE KEYS */;
LOCK TABLES `granty` WRITE;
INSERT INTO `cbk`.`granty` VALUES  (100,'Badanie warunków fizycznych i składu chemicznego korony Słońca ze szczególnym uwzględnieniem danych uzyskanych za pomocą polskich spektrometrów rentgenowskich RESIK i Diogeness.','2005-12-12','1 P03D 017 29',3,'Tematem grantu było ...','2008-12-11','Investigations of physical characteristics and composition of coronal\nplasma based on X-ray spectra obtained from Polish Bragg spectrometers\nRESIK and Diogeness.','ddd'),
 (99,'Konstrukcja przyrządu SphinX i przeprowadzenie eksperymentu w celu badania podstawowych procesów wydzielania energii w koronie Słońca','2005-11-18','4 T12E 045 29',2,'ddd','2009-03-17',NULL,NULL),
 (101,NULL,NULL,NULL,NULL,NULL,NULL,NULL,NULL);
UNLOCK TABLES;
/*!40000 ALTER TABLE `granty` ENABLE KEYS */;


--
-- Definition of table `cbk`.`granty_publikacje`
--

DROP TABLE IF EXISTS `cbk`.`granty_publikacje`;
CREATE TABLE  `cbk`.`granty_publikacje` (
  `id_grantu` int(11) NOT NULL,
  `id_publikacji` int(11) NOT NULL,
  `kolejnosc` int(11) DEFAULT NULL,
  PRIMARY KEY (`id_publikacji`,`id_grantu`)
) ENGINE=MyISAM DEFAULT CHARSET=utf8;

--
-- Dumping data for table `cbk`.`granty_publikacje`
--

/*!40000 ALTER TABLE `granty_publikacje` DISABLE KEYS */;
LOCK TABLES `granty_publikacje` WRITE;
INSERT INTO `cbk`.`granty_publikacje` VALUES  (100,31,3),
 (100,40,2),
 (100,28,1),
 (100,32,4),
 (100,94,23),
 (100,88,22),
 (100,93,21),
 (100,100,20),
 (100,92,19),
 (100,91,18),
 (100,90,17),
 (100,99,16),
 (100,14,15),
 (100,13,13),
 (100,16,11),
 (100,24,10),
 (100,20,9),
 (100,29,7),
 (100,23,6),
 (100,97,5),
 (100,25,8),
 (100,10,12),
 (100,12,14),
 (100,102,25),
 (100,101,24),
 (100,103,26),
 (99,96,6),
 (99,87,4),
 (2,11,1);
UNLOCK TABLES;
/*!40000 ALTER TABLE `granty_publikacje` ENABLE KEYS */;


--
-- Definition of table `cbk`.`granty_uczestnicy`
--

DROP TABLE IF EXISTS `cbk`.`granty_uczestnicy`;
CREATE TABLE  `cbk`.`granty_uczestnicy` (
  `id_grantu` int(11) NOT NULL,
  `id_pracownika` int(11) NOT NULL,
  PRIMARY KEY (`id_pracownika`,`id_grantu`)
) ENGINE=MyISAM DEFAULT CHARSET=utf8;

--
-- Dumping data for table `cbk`.`granty_uczestnicy`
--

/*!40000 ALTER TABLE `granty_uczestnicy` DISABLE KEYS */;
LOCK TABLES `granty_uczestnicy` WRITE;
INSERT INTO `cbk`.`granty_uczestnicy` VALUES  (99,1),
 (100,1),
 (99,2),
 (100,2),
 (99,3),
 (100,3),
 (99,4),
 (99,5),
 (100,5),
 (99,6),
 (100,6),
 (99,7),
 (100,7),
 (99,8),
 (100,8),
 (99,9),
 (100,9),
 (99,10),
 (2,11),
 (100,11);
UNLOCK TABLES;
/*!40000 ALTER TABLE `granty_uczestnicy` ENABLE KEYS */;


--
-- Definition of table `cbk`.`moje_publikacje`
--

DROP TABLE IF EXISTS `cbk`.`moje_publikacje`;
CREATE TABLE  `cbk`.`moje_publikacje` (
  `id_pracownik` int(11) NOT NULL,
  `id_publikacja` int(11) NOT NULL,
  PRIMARY KEY (`id_pracownik`,`id_publikacja`)
) ENGINE=MyISAM DEFAULT CHARSET=utf8;

--
-- Dumping data for table `cbk`.`moje_publikacje`
--

/*!40000 ALTER TABLE `moje_publikacje` DISABLE KEYS */;
LOCK TABLES `moje_publikacje` WRITE;
INSERT INTO `cbk`.`moje_publikacje` VALUES  (1,0),
 (1,16),
 (1,23),
 (1,25),
 (1,26),
 (1,28),
 (1,29),
 (1,31),
 (1,38),
 (1,45),
 (1,59),
 (1,72),
 (1,91),
 (1,101),
 (1,102),
 (1,105),
 (1,108),
 (2,0),
 (2,9),
 (2,10),
 (2,11),
 (2,12),
 (2,13),
 (2,16),
 (2,17),
 (2,20),
 (2,21),
 (2,22),
 (2,23),
 (2,24),
 (2,25),
 (2,27),
 (2,28),
 (2,29),
 (2,30),
 (2,31),
 (2,36),
 (2,37),
 (2,38),
 (2,39),
 (2,40),
 (2,41),
 (2,42),
 (2,43),
 (2,44),
 (2,45),
 (2,46),
 (2,48),
 (2,49),
 (2,50),
 (2,51),
 (2,52),
 (2,53),
 (2,55),
 (2,56),
 (2,57),
 (2,58),
 (2,59),
 (2,60),
 (2,61),
 (2,62),
 (2,63),
 (2,64),
 (2,67),
 (2,68),
 (2,70),
 (2,71),
 (2,72),
 (2,73),
 (2,74),
 (2,75),
 (2,76),
 (2,77),
 (2,78),
 (2,79),
 (2,80),
 (2,81),
 (2,82),
 (2,83),
 (2,84),
 (2,85),
 (2,86),
 (2,87),
 (2,88),
 (2,89),
 (2,90),
 (2,91),
 (2,92),
 (2,93),
 (2,94),
 (2,95),
 (2,96),
 (2,97),
 (2,99),
 (2,100),
 (2,101),
 (2,102),
 (2,103),
 (2,104),
 (2,105),
 (2,106),
 (2,107),
 (2,108),
 (2,109),
 (2,111),
 (2,112),
 (2,113),
 (2,114),
 (3,10),
 (3,12),
 (3,13),
 (3,16),
 (3,17),
 (3,20),
 (3,21),
 (3,22),
 (3,23),
 (3,25),
 (3,27),
 (3,28),
 (3,29),
 (3,31),
 (3,37),
 (3,38),
 (3,39),
 (3,40),
 (3,41),
 (3,43),
 (3,44),
 (3,45),
 (3,48),
 (3,49),
 (3,50),
 (3,51),
 (3,52),
 (3,54),
 (3,55),
 (3,56),
 (3,57),
 (3,68),
 (3,70),
 (3,73),
 (3,76),
 (3,77),
 (3,78),
 (3,81),
 (3,83),
 (3,88),
 (3,90),
 (3,91),
 (3,92),
 (3,93),
 (3,94),
 (3,97),
 (3,99),
 (3,101),
 (3,102),
 (3,103),
 (3,105),
 (3,106),
 (3,108),
 (3,111),
 (3,113),
 (3,114),
 (4,24),
 (4,41),
 (4,63),
 (4,65),
 (4,66),
 (4,71),
 (4,74),
 (4,79),
 (4,96),
 (4,99),
 (4,100),
 (4,107),
 (4,108),
 (4,112),
 (5,0),
 (5,14),
 (5,18),
 (5,19),
 (5,25),
 (5,26),
 (5,28),
 (5,29),
 (5,32),
 (5,33),
 (5,34),
 (5,35),
 (5,37),
 (5,44),
 (5,45),
 (5,47),
 (5,53),
 (5,65),
 (5,66),
 (5,67),
 (5,69),
 (5,74),
 (5,79),
 (5,82),
 (5,84),
 (5,91),
 (5,96),
 (5,100),
 (5,101),
 (5,105),
 (5,108),
 (5,110),
 (5,112),
 (6,23),
 (6,30),
 (6,37),
 (6,38),
 (6,39),
 (6,46),
 (6,52),
 (6,53),
 (6,58),
 (6,61),
 (6,67),
 (6,74),
 (6,79),
 (6,82),
 (6,96),
 (6,101),
 (6,102),
 (6,107),
 (6,108),
 (7,30),
 (7,37),
 (7,46),
 (7,61),
 (7,67),
 (7,82),
 (7,96),
 (7,101),
 (7,102),
 (7,108),
 (8,11),
 (8,30),
 (8,37),
 (8,41),
 (8,46),
 (8,61),
 (8,82),
 (8,96),
 (8,101),
 (8,102),
 (8,107),
 (8,108),
 (8,109),
 (8,112),
 (9,37),
 (9,96),
 (9,108),
 (9,109),
 (10,96),
 (10,107),
 (10,108),
 (10,109),
 (11,30),
 (11,37),
 (11,52),
 (11,53),
 (11,61),
 (11,67),
 (11,96),
 (11,101),
 (11,108),
 (13,0),
 (13,12),
 (13,15),
 (13,16),
 (13,17),
 (13,20),
 (13,23),
 (13,25),
 (13,27),
 (13,28),
 (13,29),
 (13,30),
 (13,31),
 (13,37),
 (13,38),
 (13,39),
 (13,40),
 (13,42),
 (13,44),
 (13,45),
 (13,50),
 (13,57),
 (13,61),
 (13,82),
 (13,85),
 (13,88),
 (13,90),
 (13,91),
 (13,92),
 (13,93),
 (13,94),
 (13,97),
 (13,100),
 (13,102),
 (13,103),
 (14,11),
 (14,96),
 (14,104),
 (16,25),
 (16,65),
 (16,66),
 (16,74),
 (16,79),
 (17,25),
 (17,30),
 (17,52),
 (17,61),
 (17,86),
 (17,101);
UNLOCK TABLES;
/*!40000 ALTER TABLE `moje_publikacje` ENABLE KEYS */;


--
-- Definition of table `cbk`.`pracownicy`
--

DROP TABLE IF EXISTS `cbk`.`pracownicy`;
CREATE TABLE  `cbk`.`pracownicy` (
  `id` int(10) unsigned NOT NULL AUTO_INCREMENT,
  `imie` varchar(35) DEFAULT NULL,
  `nazwisko` varchar(45) DEFAULT NULL,
  `stopien` varchar(25) DEFAULT NULL,
  `email` varchar(100) CHARACTER SET utf8 COLLATE utf8_bin DEFAULT NULL,
  `skype` varchar(35) CHARACTER SET utf8 COLLATE utf8_bin DEFAULT NULL,
  `telefon` varchar(100) DEFAULT NULL,
  `kolejnosc` int(10) unsigned DEFAULT NULL,
  `www` varchar(200) CHARACTER SET utf8 COLLATE utf8_bin DEFAULT NULL,
  `czlowiek` enum('T','N') DEFAULT 'T',
  PRIMARY KEY (`id`)
) ENGINE=MyISAM AUTO_INCREMENT=19 DEFAULT CHARSET=utf8;

--
-- Dumping data for table `cbk`.`pracownicy`
--

/*!40000 ALTER TABLE `pracownicy` DISABLE KEYS */;
LOCK TABLES `pracownicy` WRITE;
INSERT INTO `cbk`.`pracownicy` VALUES  (1,'Anna','Kępa','dr inż.',0x616B,0x616E6E615F6B657061,'+48 71 335 22 66',4,0x7777772E657262696B2E706C,'T'),
 (2,'Janusz','Sylwester','prof. dr hab.',0x6A73,0x6A616E75737A5F73796C776573746572,'+48 71 335 22 63',12,0x7777772E6A616E75737A2E706C,'T'),
 (3,'Barbara','Sylwester','dr  hab.',0x6273,0x62617262617261,'+48 71 335 22 64',11,0x7777772E62617261626172612E706C,'T'),
 (4,'Szymon ','Gburek','dr',0x7367,0x737A796D656B,'+48 71 335 22 62',2,0x6272616B,'T'),
 (5,'Marek','Siarkowski','dr  hab.',0x6D73,0x6D6172656B,'+48 71 335 22 61',10,0x6272616B,'T'),
 (6,'Zbigniew','Kordylewski','dr',0x7A6B,0x6272616B,'+48 71 335 22 69',7,0x7777772E63626B2E70616E2E77726F632E706C2F7A6B,'T'),
 (10,'Piotr','Podgórski','mgr inż.',0x7070,0x6272616B,'+48 71 335 22 67',9,0x6272616B,'T'),
 (11,'Stefan','Płocieniak','mgr',0x7370,0x6272616B,'+48 71 335 22 60',8,0x6272616B,'T'),
 (8,'Mirosław','Kowaliński','mgr inż.',0x6D6B,0x6272616B,'+48 71 335 22 68',6,0x6272616B,'T'),
 (12,'Elżbieta','Konopka',NULL,0x656B,0x6272616B,'+48 71 348 32 38',5,0x6272616B,'T'),
 (9,'Jarosław ','Bąkała','',0x6A62,0x6272616B,'+48 71 335 22 65',1,0x6272616B,'T'),
 (7,'Witold','Trzebiński','inż.',0x7774,0x6272616B,'+48 71 335 22 68',13,0x6272616B,'T'),
 (13,'RESIK','','','','','',0,'','N'),
 (14,'SPHINX','','',NULL,NULL,NULL,NULL,NULL,'N'),
 (16,'INTERBALL','','','','','',0,'','N'),
 (17,'DIOGENES','','','','','',0,'','N'),
 (18,'Magdalena','Gryciuk','mgr',0x6D67,0x6272616B,'+48 71 348 32 38',3,0x7777772E63626B2E70616E2E77726F632E706C,'T');
UNLOCK TABLES;
/*!40000 ALTER TABLE `pracownicy` ENABLE KEYS */;


--
-- Definition of table `cbk`.`publikacje`
--

DROP TABLE IF EXISTS `cbk`.`publikacje`;
CREATE TABLE  `cbk`.`publikacje` (
  `rok` varchar(4) DEFAULT NULL,
  `tytul` varchar(300) CHARACTER SET utf8 COLLATE utf8_bin DEFAULT NULL,
  `kolejnosc` int(11) DEFAULT NULL,
  `file` varchar(500) CHARACTER SET utf8 COLLATE utf8_bin DEFAULT NULL,
  `id` int(11) NOT NULL AUTO_INCREMENT,
  PRIMARY KEY (`id`)
) ENGINE=MyISAM AUTO_INCREMENT=115 DEFAULT CHARSET=utf8;

--
-- Dumping data for table `cbk`.`publikacje`
--

/*!40000 ALTER TABLE `publikacje` DISABLE KEYS */;
LOCK TABLES `publikacje` WRITE;
INSERT INTO `cbk`.`publikacje` VALUES  ('2007',0x582D726179207374756479206F6620636F6D7061637420666C617265206B65726E656C73,1,0x323030372F487661725F42532E68746D6C,10),
 ('2007',0x537068696E583A206120736F6C6172206661737420736F667420582D726179207370656374726F70686F746F6D65746572,2,0x323030372F6A735F6B6169722E68746D6C,11),
 ('2007',0x412062656E63686D61726B20737475647920666F7220434849414E5449206261736564206F6E20524553494B20736F6C617220666C6172652073706563747261,6,0x323030372F323030375F436869666F725F412062656E63686D61726B20737475647920666F7220434849414E5449206261736564206F6E20524553494B20736F6C61725F666C6172655F737065637472615F41415F3436325F3332332D3333305F323030372E706466,12),
 ('2007',0x42616C616E6365206F6620666F7263657320696E2074686520636F726F6E61,5,0x323030372F487661725F4A532E68746D6C,13),
 ('2007',0x4F6E2074686520636175736573206F66204861726420582D726179206173796D6D6574727920696E20536F6C617220466C61726573,4,0x323030372F686172645F782D7261792E68746D6C,14),
 ('2007',0x537061636520536F6C617220526573656172636820696E2057726F636C61772D205061737420616E642050726573656E74,3,0x323030372F7572616E69612E68746D6C,15),
 ('2006',0x44657465726D696E6174696F6E206F6620666C6172696E6720706C61736D61206368617261637465726973746963732066726F6D20524553494B20582D7261792073706563747261,10,0x323030362F666C6172696E675F706C61736D612E68746D6C,16),
 ('2006',0x44657465726D696E6174696F6E206F66204B2C2041722C20436C2C20532C20536920616E6420416C20666C617265206162756E64616E6365732066726F6D20524553494B20736F667420582D7261792073706563747261,9,0x323030362F64657465726D696E6174696F6E2E68746D6C,17),
 ('2006',0x4861726420582D72617920656D697373696F6E2061742074686520666F6F74706F696E7473206F6620736F6C617220666C61726573,8,0x323030362F656D697373696F6E2E68746D6C,18),
 ('2006',0x4C6F6E67206475726174696F6E20666C6172657320284C4445732920647572696E6720746865206D696E696D756D206F6620736F6C6172206163746976697479,7,0x323030362F6C6F6E675F6475726174696F6E2E68746D6C,19),
 ('2006',0x53692058494920582D72617920536174656C6C697465204C696E657320696E20536F6C617220466C6172652053706563747261,6,0x323030362F53695F5849495F736174656C6C697465735F70617065722E706466,20),
 ('2006',0x54656D70657261747572652D73656E736974697665204C696E6520526174696F20446961676E6F7374696373206261736564206F6E20536920536174656C6C6974652D746F2D5265736F6E616E6365204C696E6520526174696F7320666F72203173322D31736E70205472616E736974696F6E73,5,0x323030362F636F737061725F53695849495F70617065722E68746D6C,21),
 ('2006',0x546865726D616C20616E64204E6F6E746865726D616C20436F6E747269627574696F6E7320746F2074686520536F6C617220466C61726520582D72617920466C7578,4,0x323030362F746865726D5F6E6F6E74682E68746D6C,22),
 ('2006',0x546865726D6F64796E616D696373206F662053656C656374656420536F6C617220466C617265732061732044657465726D696E65642066726F6D2074686520416E616C79736973206F66207468652053706563747261204F627461696E656420776974682074686520524553494B20496E737472756D656E74,3,0x323030362F746865726D6F64796E616D6963732E68746D6C,23),
 ('2006',0x5468652054524143452054656C6573636F706520506F696E74205370726561642046756E6374696F6E20666F72207468652031373120C3852066696C746572,2,0x323030362F74726163652E706466,24),
 ('2006',0x57726F63C582617720696E2053706163653A20582D72617920646961676E6F7374696373206F6620736F6C617220636F726F6E61,1,0x323030362F6F706F6C652E68746D6C,25),
 ('2008',0x446961676E6F73746963206F66207468652074656D706572617475726520616E6420646966666572656E7469616C20656D697373696F6E206D656173757265202844454D29206261736564206F6E2048696E6F64652F5852542064617461,1,0x323030382F68696E6F64652E68746D6C,26),
 ('2005',0x416E616C79736973206F6620506F7461737369756D204162756E64616E636520696E2061204C61726765204E756D626572206F6620466C61726573,14,0x323030352F706F7461737369756D2E68746D,27),
 ('2005',0x44454D20446973747269627574696F6E7320666F722053686F727420616E64204C6F6E67204475726174696F6E20466C617265732061732044657465726D696E65642066726F6D20524553494B20536F667420582D7261792053706563747261,13,0x323030352F616B5F4C6F7576656E2E68746D6C,28),
 ('2006',0x44657465726D696E6174696F6E206F6620446966666572656E7469616C20456D697373696F6E204D6561737572652066726F6D20582D526179200A536F6C61722053706563747261205265676973746572656420627920524553494B2061626F617264200A434F524F4E41532D46,11,0x323030362F64657465726D696E6174696F6E5F616B5F7373725F34305F323030362E706466,29),
 ('2005',0x44696F67656E65737320616E6420524553494B20706572666F726D616E636520616E6420636F6D6D616E64696E67,11,0x323030352F4B6F77616C696E736B695F495A4D4952414E2E646F632E677A,30),
 ('2005',0x45766F6C7574696F6E206F6620466C6172696E6720506C61736D6120436F6D706F6E656E7473206F6E20446961676E6F73746963204469616772616D73,10,0x323030352F6A735F6C6F7576656E2E68746D6C,31),
 ('2005',0x47656F6D6574726963616C20617370656374206F662074686520656E65726779207472616E7366657220696E2074686520736F6C617220666C61726573,9,0x323030352F67656F6D6574726963616C5F6173706563742E68746D6C,32),
 ('2005',0x47656F6D6574726963616C20696E746572707265746174696F6E206F6620746865206861726420582D72617920666C7578206173796D6D6574727920696E2074686520666C617265277320666F6F74706F696E7473,8,0x323030352F746F72756E2E68746D6C,33),
 ('2005',0x4D696C6C697365636F6E6420726164696F207370696B657320696E2074686520646563696D657472652062616E6420616E642074686569722072656C617465642061637469766520736F6C6172207068656E6F6D656E61,7,0x323030352F726164696F5F7370696B65732E68746D6C,34),
 ('2005',0x536D616C6C20474F455320666C61726573207769746820696E74656E7365206861726420582D72617920656D697373696F6E,6,0x323030352F73757065725F686172645F66696E616C2E68746D6C,35),
 ('2005',0x20537061636520536F6C617220526573656172636820696E2057726F63C5826177202D205061737420616E642050726573656E74,5,0x323030352F5054415F536F6C61722E68746D6C,36),
 ('2005',0x524553494B3A20412042656E74204372797374616C20582D726179205370656374726F6D6574657220666F722053747564696573206F6620536F6C617220436F726F6E616C20506C61736D6120436F6D706F736974696F6E,4,0x323030352F7269702E68746D6C,37),
 ('2005',0x20546865726D6F64796E616D696373206F662073656C656374656420666C617265732061732064657465726D696E65642066726F6D20616E616C79736973206F6620524553494B2073706563747261,3,0x323030352F42535F31302E646F632E677A,38),
 ('2005',0x4F62736572766174696F6E73206F6620536F6C617220582D726179205370656374726120627920506F6C6973682D6C656420496E737472756D656E74732044696F67656E65737320616E6420524553494B2061626F61726420434F524F4E41532D46,2,0x323030352F4A535F7374617479612E646F632E677A,39),
 ('2005',0x506C61736D61204B65726E656C7320696E20486F6D6F6C6F676F757320283F2920466C61726573,1,0x323030352F42535F4C6F7576656E2E68746D6C,40),
 ('2004',0x416E616C79736973206F6620706879736963616C20706C61736D612070726F706572746965732077697468696E20666C617265206B65726E656C732066726F6D204555562F582D726179206F62736572766174696F6E73,7,0x323030342F616E616C797369732E68746D6C,41),
 ('2004',0x4272616767205370656374726F73636F70792066726F6D20434F524F4E41532D46,6,0x323030342F4941553232335F42726167672E68746D6C,42),
 ('2004',0x436F6E6E6563746976697479205061747465726E20696E2074686520436F726F6E61,5,0x323030342F687661722E68746D6C,43),
 ('2004',0x446574656374696F6E206F6620482D20616E642048652D6C696B65207265736F6E616E6365206C696E6573206F662063686C6F72696E6520696E20736F6C617220666C6172652073706563747261,4,0x323030342F646574656374696F6E2E68746D6C,44),
 ('2004',0x46697273742044657465726D696E6174696F6E73206F6620446966666572656E7469616C20456D697373696F6E204D65617375726520446973747269627574696F6E2066726F6D20524553494B20582D7261792053706563747261,3,0x323030342F416E6E614B65706150617065722E68746D6C,45),
 ('2004',0x536F6C617220666F7263656420766172696174696F6E73206F6620746572726573747269616C206869676820656E65726779207061727469636C6520656E7669726F6E6D656E74206173207365656E20627920524553494B2050494E206465746563746F7273206F6E20434F524F4E41532D46,2,0x323030342F736F6C61725F666F726365642E68746D6C,46),
 ('2004',0x20566172696174696F6E73206F6620746865206861726420582D72617920666F6F74706F696E74206173796D6D6574727920696E206120736F6C617220666C617265,1,0x323030342F766172696174696F6E732E68746D,47),
 ('2003',0x416E616C79736973206F6620596F686B6F682D4F62736572766564204C696D6220466C61726573204163636F6D70616E79696E6720434D45204576656E7473,3,0x323030332F6361662E68746D,48),
 ('1990',0x44494F47454E45535320536F667420582D726179205370656374726F6D657465722D70686F746F6D65746572,1,0x313939302F736F66745F782D7261792E68746D6C,86),
 ('1992',0x4F626A65637469766573206F6620524553494B20536F6C617220436F6E6361766520536F667420582D726179205370656374726F6D6574657220666F7220434F524F4E41532D46204D697373696F6E,1,0x313939322F726573696B2E68746D,85),
 ('1996',0x496D70726F76656D656E74206F662053585420496D61676520416C69676E6D656E7420696E204F7264657220746F204F627461696E20486967682D5265736F6C7574696F6E2054656D7065726174757265204D617073,1,0x313939362F496D70726F76656D656E742E68746D,84),
 ('1997',0x5374727563747572657320696E20566963696E697479206F662053756E73706F7473206173205365656E206F6E204465636F6E766F6C7665642053585420496D616765,1,0x313939372F737472756374757265732E68746D,83),
 ('1998',0x414E4452494C202D204D6178696D756D204C696B656C69686F6F6420416C676F726974686D20666F72204465636F6E766F6C7574696F6E206F662053585420496D61676573,5,0x313939382F616E6472696C2E68746D,78),
 ('1998',0x446574656374696F6E206F662053475220313930302B31342050756C7365206F6E204175677573742032372C313939382062792052462D31354920536F66742F4861726420536F6C617220582D7261792050686F746F6D65746572,4,0x313939382F446574656374696F6E2E68746D,79),
 ('1998',0x44657461696C65642045766964656E636520666F7220466C6172652D546F2D466C61726520566172696174696F6E73206F662054686520436F726F6E616C2043616C6369756D204162756E6461,3,0x313939382F64657461696C2E68746D6C,80),
 ('1998',0x45766F6C7574696F6E206F6620466C6172696E672053747275637475726573,2,0x313939382F65766F6C7574696F6E2E68746D,81),
 ('1998',0x524553494B2D486967682D53656E736974697669747920536F667420582D726179205370656374726F6D6574657220666F7220746865205374756479206F6620536F6C617220466C61726520506C,1,0x313939382F524553494B5F486967682D53656E7369746976697479202E68746D,82),
 ('1999',0x416E616C69736973206F66204D61676E65746963204669656C647320616E64204861726420582D726179206F6E207468652041637469766520526567696F6E204E4F41412038303838,9,0x313939392F697061706572332E68746D,69),
 ('1999',0x466C6172696E672053747275637475726573204F62736572766564206F6E204465636F6E766F6C7665642053585420496D61676573,8,0x313939392F666C6172696E67312E68746D,70),
 ('1999',0x496E2D666C6967687420416E616C69737973206F662074686520596F686B6F68205053462046756E6374696F6E,7,0x313939392F594F485F5053462E68746D,71),
 ('1999',0x496E666C75656E6365206F6620596F686B6F682042435320496E737472756D656E74616C205368617065206F6E20526573756C7473206F6620537065637472616C2046697474696E6720696E20566963696E697479206F6620436120584958204C696E6573,6,0x313939392F594F485F4243532E68746D,72),
 ('1999',0x5265636F6E737472756374696F6E206F6620496D61676573207769746820506F6973736F6E204E6F697365,5,0x313939392F6E6F6973652E68746D,73),
 ('1999',0x526576696577206F6620524631352D4920582D7261792050686F746F6D65746572204F62736572766174696F6E73,4,0x313939392F697061706572342E68746D,74),
 ('1999',0x53656172636820666F72204261736963204275696C64696E6720426C6F636B20436F6D706F73696E6720536F6C61722041746D6F737068657269632053747275637475726573,3,0x313939392F62617369632E68746D,75),
 ('1999',0x5468652050726F70657274696573206F6620466C617265732050726F64756365642077697468696E2041522036393139,2,0x313939392F4152363931392E68746D,76),
 ('1999',0x5472616E7376657273616C20616E642052616469616C204D6F74696F6E73206F6620466C6172696E67204B65726E656C7320666F72203131204175677573742031393932204576656E74,1,0x313939392F7472616E7376657273616C2E68746D,77),
 ('2000',0x4C6F6E67204475726174696F6E205665727920536F667420582D72617920466C61726573,4,0x323030302F4964652E68746D,65),
 ('2000',0x20536D616C6C20466C61726573207769746820556E757375616C79205374726F6E6720582D72617920456D697373696F6E,3,0x323030302F7375706572686172642E68746D,66),
 ('2000',0x536F6C617220536F66742F4861726420582D7261792050686F746F6D657465722D496D616765722041626F6172642074686520494E54455242414C4C2D5461696C2050726F62650A,2,0x323030302F7266726576332E68746D,67),
 ('2000',0x2045766F6C7574696F6E206F6620596F686B6F68204F62736572766564205768697465204C6967687420466C61726573,1,0x323030302F77686974655F6C696768742E68746D,68),
 ('2001',0x20416E616C79736973206F6620446966666572656E7469616C20456D697373696F6E204D6561737572652045766F6C7574696F6E20666F722053656C65637465642053455020616E64204E6F6E2D534550206173736F63696174656420466C61726573204261736564206F6E20204861726420616E6420536F667420582D726179204F62736572766174696F6E73,6,0x323030312F64656D2E68746D,59),
 ('2001',0x457870657269656E6365206F662057726F636C6177205465616D20696E20436F6E737472756374696F6E206F6620536F6C617220582D72617920496E737472756D656E7473,5,0x323030312F457870657269656E63652E68746D,60),
 ('2001',0x204561726C7920526573756C74732066726F6D20524553494B20616E642044696F67656E65737320536F667420582D726179205370656374726F6D65746572732061626F61726420436F726F6E61732D4620536174656C6C697465,4,0x323030312F524553494B5F616E645F44696F67656E6573735F536F66745F582D7261792E68746D,61),
 ('2001',0x496D70616374206F662074686520496E746572636F736D6F732050726F6772616D6D65206F6E2074686520506173742C2050726573656E7420616E6420467574757265206F6620536F6C6172205370616365205265736561726368,3,0x323030312F494B2D33302E68746D,62),
 ('2001',0x53656172636820666F7220436F6D7061637420582D72617920536F757263657320696E20535854204F62736572766174696F6E73,2,0x323030312F7375706572686172642E68746D,63),
 ('2001',0x546865726D6F64796E616D696373206F6620506172746C79204F6363756C746564204C696D6220466C617265730A,1,0x323030312F746865726D6F64796E616D6963732E68746D,64),
 ('2002',0x436F6D70617269736F6E206F6620547261636520616E64204465636F6E766F6C7665642053585420496D6167657320666F7220536F6C617220466C61726573,8,0x323030322F636F6D70617269736F6E2E68746D,51),
 ('2002',0x44657465726D696E6174696F6E206F6620576176656C656E6774687320616E64204C696E6520536869667473204261736564206F6E20582D72617920537065637472612066726F6D2044696F67656E657373,7,0x323030322F64657465726D692E68746D,52),
 ('2002',0x466C61726520582D7261792053706563747261204F627365727665642062792044696F67656E657373205363616E6E696E67204272616767205370656374726F6D65746572,6,0x323030322F666C6172652E68746D,53),
 ('2002',0x48696768205265736F6C7574696F6E204F62736572766174696F6E73206F6620536F6C617220466C61726573,5,0x323030322F486967685F7265736F6C7574696F6E5F66756C6C2E68746D,54),
 ('2002',0x4D6F64656C6C696E67206F6620582D72617920536F75726365204F6363756C746174696F6E20627920536F6C6172204469736B0A,4,0x323030322F6D6F64656C6C696E672E68746D,55),
 ('2002',0x4D756C746974656D706572617475726520416E616C79736973206F662053656C6563746564204C696D622D4F6363756C74656420466C617265730A,3,0x323030322F6D756C746974656D70657261747572652E68746D,56),
 ('2002',0x524553494B204F62736572766174696F6E73206F6620486967686C7920496F6E697A6564204172676F6E20616E6420506F7461737369756D20582D72617920456D697373696F6E204C696E657320696E20536F6C617220466C617265730A,2,0x323030322F50726167615F70617065722E68746D,57),
 ('2002',0x54686520582D726179205061636B61676520666F72205370656374726F73636F706963204D6561737572656D656E7473206F6620536F6C617220506C61736D6120436F6D706F736974696F6E,1,0x323030322F52642E68746D,58),
 ('2003',0x536F6C617220466C617265204162756E64616E636573206F6620506F7461737369756D2C204172676F6E2C20616E642053756C70687572,1,0x323030332F736F6C61725F68746D2E68746D,50),
 ('2003',0x5061747465726E73206F6620582D726179204C696E6520456D697373696F6E20566172696162696C697479206173204F627365727665642062792074686520524553494B204272616767205370656374726F6D65746572,2,0x323030332F726573696B5F6B656E2E68746D,49),
 ('2008',0x582D7261792053747564696573206F6620466C6172696E6720506C61736D61,3,0x323030382F585F7261795F737475646965735F6F665F666C6172696E675F706C61736D612E706466,88),
 ('2007',0x534F5445524941202D207468652D61727420696E2064657461696C732C20616E64207468656972206F6E2D6C696E65207075626C69636174696F6E20666163696C69746174657320666173742061636365737320746F20746865206F70656E206461746120534F6C61722D544552726573747269616C20496E7665737469676174696F6E7320616E642041726368697665732028706F7374657229,7,0x323030372F534F5445524941706F737465725354414D4D5370672E706466,89),
 ('2008',0x537068696E583A2041204661737420536F6C61722050686F746F6D6574657220696E20582D72617973,2,0x323030382F537068696E582E706466,87),
 ('2008',0x48652D6C696B6520417220747269706C6574206F6273657276656420627920524553494B,4,0x323030382F48655F6C696B655F41725F747269706C65745F6F627365727665645F62795F524553494B2E706466,90),
 ('2008',0x44657465726D696E6174696F6E206F66204B2C2041722C20436C2C20532C20536920616E6420416C20EFAC82617265206162756E64616E636573200A66726F6D20524553494B20736F667420582D7261792073706563747261,6,0x323030382F44657465726D696E6174696F6E5F6F665F4B5F41725F436C5F535F53695F616E645F416C5FEFAC826172655F6162756E64616E6365735F66726F6D5F524553494B5F736F66745F585F7261795F737065637472612E706466,92),
 ('2008',0x4469EFAC806572656E7469616C20656D697373696F6E206D65617375726520646973747269627574696F6E7320696E20582D72617920736F6C617220EFAC8261726573,5,0x323030382F4469EFAC806572656E7469616C5F656D697373696F6E5F6D6561737572655F646973747269627574696F6E735F696E5F587261795F736F6C61725FEFAC82617265732E706466,91),
 ('2008',0x524553494B204F62736572766174696F6E73206F662048656C69756D2D6C696B65204172676F6E20582D526179204C696E6520456D697373696F6E20696E20536F6C617220466C61726573,8,0x323030382F524553494B5F4F42534552564154494F4E535F4F465F48454C49554D5F4C494B455F4152474F4E5F585F5241595F4C494E455F454D495353494F4E5F494E5F534F4C41525F464C415245532E706466,94),
 ('2008',0x4E6F6E746865726D616C20616E6420746865726D616C20646961676E6F7374696373206F66206120736F6C617220EFAC82617265200A6F62736572766564207769746820524553494B20616E6420524845535349,7,0x323030382F4E6F6E746865726D616C5F616E645F746865726D616C5F646961676E6F73746963735F6F665F615F736F6C61725FEFAC826172655F6F627365727665645F776974685F524553494B5F616E645F5248455353492E706466,93),
 ('2008',0x57726F636C617720696E737472756D656E7420616761696E20696E205370616365207468697320446563656D626572202870726573656E746174696F6E29,9,0x323030382F4A435F4A535F537068696E785F323030385F31315F30362E707074,95),
 ('2008',0x43616C6962726174696F6E206F662074686520537068696E58206578706572696D656E7420617420746865205841435420666163696C69747920696E2050616C65726D6F,10,0x323030382F537068696E585F63616C6962726174696F6E2E706870,96),
 ('2005',0x4469656C656374726F6E696320536174656C6C69746573204E6561722074686520317332202D2031736E7020286E203E203229204C696E6573206F662048652D6C696B6520496F6E7320696E20536F6C617220582D7261792053706563747261,15,0x323030352F6469656C656374726F6E69635F6C616E64695F6169705F3737345F323030352E706466,97),
 ('2008',0x5370656374726F73636F70696320616E616C79736973206F662074686520736F6C617220EFAC82617265206576656E74206F6E203230303220417567757374203320776974682074686520757365206F662052484553534920616E6420524553494B2064617461,12,0x323030382F7370656374726F73636F7069635F73675F6173725F34325F323030382E706466,100),
 ('2008',0x4379636C6520323320EFAC826172652074656D70657261747572657320616E6420656D697373696F6E206D65617375726573200A617320646572697665642066726F6D20474F455320582D7261792064617461,11,0x323030382F6379636C655F32335F73675F6A617374705F37305F323030382E706466,99),
 ('2008',0x4D6F6E6F677261666961202D20726F7A647A6961C5822035,13,0x323030382F6D6F6E6F6772616669615F676C61766135692E706466,101),
 ('2008',0x4D6F6E6F677261666961202D20726F7A647A6961C5822036,14,0x323030382F6D6F6E6F6772616669615F676C61766136652E706466,102),
 ('2009',0x4E6F6E2D746865726D616C20646961676E6F7374696373206F6620666C617265206F6273657276656420627920524553494B,1,0x323030392F6E6F6E5F746865726D616C5F6B756C696E6F76615F636561625F323030392E706466,103),
 ('2009',0x537068696E582061696D7320636F6E737472756374696F6E20616E64200A666972737420726573756C7473,2,0x323030392F6A735F736161726973656C6B615F737068696E782E706466,104),
 ('2006',0x4F62736572766174696F6E73206F6620317332E280933173206E7020616E64203173E280936E70206C696E657320696E20524553494B20736F6674200A582D7261792073706563747261200A,13,0x323030362F616B5F636F737061722E706466,105),
 ('2006',0x4C696E657320696E207468652072616E676520332E32E28093362E312041206F6273657276656420696E20524553494B2073706563747261,12,0x323030362F62735F636F737061722E706466,106),
 ('2009',0x506F737369626C65206D6F64696669636174696F6E206F66205354495820616C6C6F77696E6720666F7220696D6167696E6720616E64206D6F6E69746F72696E67200A74686520736F667420582D72617920656D697373696F6E2028706F737465722920,5,0x323030392F535449585F6D6F64696669636174696F6E5F536F7272656E746F2E706466,109),
 ('2009',0x537068696E583A20486967682D73656E736974697669747920736F667420582D726179200A7370656374726F70686F746F6D657465722061626F61726420434F524F4E41532D50484F544F4E3A2074686520706572666F726D616E636520616E6420666972737420726573756C74732028706F7374657229,4,0x323030392F537068696E585F4A535F536F7272656E746F2E706466,108),
 ('2009',0x48616E646C696E67206F66206F6E2D626F61726420696E666F726D6174696F6E20666F7220537068696E5820582D726179207370656374726F70686F746F6D657465722028706F7374657229,3,0x323030392F4D4B5F536F7272656E746F2E706466,107),
 ('2009',0x52656C6174696F6E73686970206265747765656E206E6F6E2D746865726D616C20656C656374726F6E20656E657267792073706563747261200A616E6420474F455320636C6173736573,6,0x323030392F616131313336342D30382E706466,110),
 ('2010',0x54686520536F6C617220582D72617920436F6E74696E75756D204D6561737572656420627920524553494B,1,0x323031302F5068696C6C6970735F5448455F534F4C41525F585F5241595F434F4E54494E55554D5F4D454153555245445F42595F524553494B5F41704A5F3731315F3137395F3138345F323031302E706466,111),
 ('2010',0x5468652053756EE280997320582D72617920456D697373696F6E20447572696E672074686520526563656E7420536F6C6172204D696E696D756D,2,0x323031302F53796C7765737465725F5448452053554EE28099535F585F5241595F454D495353494F4E5F445552494E475F5448455F524543454E545F534F4C41525F4D494E494D554D5F456F735F39315F323031302E706466,112),
 ('2010',0x536F667420582D72617920636F726F6E616C2073706563747261206174206C6F77206163746976697479206C6576656C73206F6273657276656420627920524553494B,3,0x323031302F53796C7765737465725F534F46545F585F5241595F434F524F4E414C5F535045435452415F41545F4C4F575F41435449564954595F4C4556454C535F4F425345525645445F42595F524553494B5F4126415F31323930375F323031302E706466,113),
 ('2010',0x486967686C7920496F6E697A656420506F7461737369756D204C696E657320696E20536F6C617220582D526179205370656374726120616E6420746865204162756E64616E6365206F6620506F7461737369756D,4,0x323031302F53796C7765737465725F484947484C595F494F4E495A45445F504F5441535349554D5F4C494E45535F494E5F534F4C41525F582D5241595F535045435452415F414E445F5448455F4142554E44414E43455F4F465F504F5441535349554D5F41704A5F3731305F3830345F3830395F323031302E706466,114);
UNLOCK TABLES;
/*!40000 ALTER TABLE `publikacje` ENABLE KEYS */;




/*!40101 SET SQL_MODE=@OLD_SQL_MODE */;
/*!40014 SET FOREIGN_KEY_CHECKS=@OLD_FOREIGN_KEY_CHECKS */;
/*!40014 SET UNIQUE_CHECKS=@OLD_UNIQUE_CHECKS */;
/*!40101 SET CHARACTER_SET_CLIENT=@OLD_CHARACTER_SET_CLIENT */;
/*!40101 SET CHARACTER_SET_RESULTS=@OLD_CHARACTER_SET_RESULTS */;
/*!40101 SET COLLATION_CONNECTION=@OLD_COLLATION_CONNECTION */;
/*!40101 SET CHARACTER_SET_CLIENT=@OLD_CHARACTER_SET_CLIENT */;
